{"id":400,"date":"2019-05-22T15:34:48","date_gmt":"2019-05-22T13:34:48","guid":{"rendered":"https:\/\/psychologiazycia.com\/sklep\/?post_type=product&#038;p=400"},"modified":"2025-02-04T15:38:09","modified_gmt":"2025-02-04T14:38:09","slug":"pakiet-pelen-pewnosci-siebie-pdf","status":"publish","type":"product","link":"https:\/\/psychologiazycia.com\/sklep\/online\/pakiet-pelen-pewnosci-siebie-pdf\/","title":{"rendered":"PAKIET PDF PE\u0141EN PEWNO\u015aCI SIEBIE"},"content":{"rendered":"<p><strong>#ZBUDUJ SWOJ\u0104 PEWNO\u015a\u0106 SIEBIE\u00a0<\/strong><\/p>\n<hr \/>\n<ul>\n<li><em>\u201eCo ludzie sobie pomy\u015bl\u0105, jak to zrobi\u0119\u2026\u201d<\/em><\/li>\n<li><em>\u201eTylko si\u0119 o\u015bmiesz\u0119. Nie mog\u0119 tego powiedzie\u0107. Lepiej nic nie b\u0119d\u0119 m\u00f3wi\u0107.\u201d<\/em><\/li>\n<li><em>\u201eNie nadaj\u0119 si\u0119 do tego..\u201d<\/em><\/li>\n<li><em>\u201eJestem zbyt wycofana, aby cokolwiek w sobie rozwin\u0105\u0107\u2026\u201d<\/em><\/li>\n<li><em>\u201eTo nie dla mnie. Ja bym tak nie potrafi\u0142\u2026\u201d<\/em><\/li>\n<li><em>\u201eJestem beznadziejna i teraz wszyscy b\u0119d\u0105 si\u0119 ze mnie \u015bmia\u0107.\u201d<\/em><\/li>\n<li><em>\u201eOna na pewno widzi, \u017ce si\u0119 denerwuj\u0119. Lepiej sobie p\u00f3jd\u0119.\u201d<\/em><\/li>\n<li><em>\u201eNie przeczytam tego na g\u0142os, bo ka\u017cdy b\u0119dzie si\u0119 ze mnie drwi\u0107.\u201d<\/em><\/li>\n<li><em>\u201eLepiej b\u0119dzie je\u015bli zrobi\u0119 jego robot\u0119. Po co mam potem wys\u0142uchiwa\u0107, \u017ce jestem wstr\u0119tnym koleg\u0105.\u201d<\/em><\/li>\n<\/ul>\n<p>Te i wiele innych my\u015bli blokuje nasz\u0105 pewno\u015b\u0107 siebie. Uznajemy, \u017ce jeste\u015bmy beznadziejni i nic nie uda nam si\u0119 z tym zrobi\u0107. Negatywne my\u015bli podsycane przez toksyczne osoby jeszcze bardziej nas w tym utwierdzaj\u0105. Jednak to g\u00f3wno prawda. Bzdura nad bzdurami. Ka\u017cdy z nas ma prawo do zmiany i olania tego, co s\u0105dz\u0105 o nas destrukcyjne paso\u017cyty. Im zawsze b\u0119dzie co\u015b przeszkadza\u0107, jednak Ty nie musisz si\u0119 ju\u017c tym wi\u0119cej przejmowa\u0107. Mo\u017cesz si\u0119 zmieni\u0107 i wykszta\u0142ci\u0107 w sobie takiego ducha, kt\u00f3ry przestanie non stop wszystko analizowa\u0107 i przestanie bra\u0107 na swoje barki co\u015b co nie nale\u017cy do Ciebie.<\/p>\n<p>Chcesz by\u0107 pewnym siebie cz\u0142owiekiem? Nie ma na co czeka\u0107. Po pierwsze, zastan\u00f3w si\u0119, jaki jest ten pewny siebie cz\u0142owiek. Co w nim jest takiego super, \u017ce warto nim by\u0107. A potem czas na wiosenne porz\u0105dki w swojej g\u0142owie. Trzeba dotrze\u0107 do przekona\u0144, kt\u00f3re zosta\u0142y nam wpojone i kt\u00f3re sami sobie narzucili\u015bmy.\u00a0 A jak to zrobi\u0107? No c\u00f3\u017c ci\u0119\u017ck\u0105 prac\u0105\u2026<\/p>\n<p>B\u0119dzie ci\u0119\u017cko, mo\u017ce i nawet cholernie mozolnie ale robota, kt\u00f3rej si\u0119 podejmiesz zaowocuje \u2013 przestaniesz ba\u0107 si\u0119 opinii innych os\u00f3b, przestaniesz by\u0107 dla siebie wrogiem, porzucisz utarte schematy, a przede wszystkim zaczniesz poznawa\u0107 siebie i zmienia\u0107 to, co nale\u017cy zmieni\u0107. Staniesz si\u0119 tak\u0105 osob\u0105 o kt\u00f3rej zawsze marzy\u0142e\u015b\/a\u015b.<\/p>\n<p>A teraz w kilku s\u0142owach napisz\u0119, co znajdziesz w <strong>#PAKIECIE PE\u0141NYM PEWNO\u015aCI SIEBIE<\/strong> i dlaczego warto go kupi\u0107 \ud83d\ude42<\/p>\n<hr \/>\n<p>W pakiecie znajdziesz:<\/p>\n<ol>\n<li><strong>E-book &#8222;Eliksir pewno\u015bci siebie. Jak pokona\u0107 wewn\u0119trzne i zewn\u0119trzne blokady&#8221; PDF <\/strong>(do pobrania na w\u0142asny no\u015bnik), czyli wersj\u0119 elektroniczn\u0105 ksi\u0105\u017cki po to, aby\u015b m\u00f3g\u0142 j\u0105 zabiera\u0107 ze sob\u0105 wsz\u0119dzie \ud83d\ude42<\/li>\n<li><strong>E-book &#8222;\u0179r\u00f3d\u0142a braku pewno\u015bci siebie&#8221;<\/strong> <strong>PDF<\/strong> (do pobrania na w\u0142asny no\u015bnik) &#8211; o tym, dlaczego nie znajdziesz go w ksi\u0105\u017cce nieco ni\u017cej \ud83d\ude09<\/li>\n<li><strong>Pakiet #Mam swoje prawa JPG <\/strong>(do pobrania na w\u0142asny no\u015bnik), czyli 8 szt. pi\u0119knie oprawionych graficznie praw ka\u017cdego cz\u0142owieka do samodzielnego wydruku.<\/li>\n<\/ol>\n<p>Wszystkie wy\u017cej wymienione produkty mo\u017cesz naby\u0107 r\u00f3wnie\u017c pojedynczo w sklepie, jednak w pakiecie bardziej si\u0119 op\u0142aca \ud83d\ude42<\/p>\n<p>Uprzedzaj\u0105c wszelkie pytania dotycz\u0105ce ebooka \u201e\u0179r\u00f3d\u0142a braku pewno\u015bci siebie\u201d&#8230;<\/p>\n<p>Pewnie zastanawiasz si\u0119, dlaczego tre\u015b\u0107 zwarta w tym e-booku nie pojawi\u0142a si\u0119 w \u201eEliksir pewno\u015bci siebie\u201d. Ju\u017c wyja\u015bniam! E-book \u201e\u0179r\u00f3d\u0142a braku pewno\u015bci siebie\u201d to forma obalenia najcz\u0119\u015bciej pojawiaj\u0105cych si\u0119 mit\u00f3w, kt\u00f3re pr\u00f3buj\u0105 nam wm\u00f3wi\u0107 inni i pod kt\u00f3rych dyktando sami nie\u015bwiadomie \u017cyjemy. To mo\u017cliwo\u015b\u0107 przyjrzenia si\u0119 swojej przesz\u0142o\u015bci i tera\u017aniejszo\u015bci, ale na pewno nie jest form\u0105 usprawiedliwiania siebie. Dzi\u0119ki niemu zrozumiesz, jak wiele tracisz pozostaj\u0105c w miejscu, za\u015b dzi\u0119ki &#8222;Eliksirowi pewno\u015bci siebie&#8221; zmienisz swoje \u017cycie.<\/p>\n<p>\u201e\u0179r\u00f3d\u0142a braku pewno\u015bci siebie\u201d to\u00a0 mo\u017cliwo\u015b\u0107 zobaczenia siebie z boku i zarazem podj\u0119cia decyzji, kt\u00f3ra zaprowadzi Ci\u0119 do pewno\u015bci siebie dzi\u0119ki \u201eEliksirowi pewno\u015bci siebie\u201d.<\/p>\n<hr \/>\n<p><strong>SPIS TRE\u015aCI EBOOKA<\/strong><\/p>\n<p><strong>&#8222;Eliksir pewno\u015bci siebie. Jak pokona\u0107 wewn\u0119trzne i zewn\u0119trzne blokady&#8221;<\/strong><\/p>\n<p><img loading=\"lazy\" decoding=\"async\" class=\"alignnone wp-image-158 size-full\" src=\"https:\/\/psychologiazycia.com\/sklep\/wp-content\/uploads\/2019\/02\/ksiazkaELIKSIR1.jpg\" alt=\"\" width=\"1500\" height=\"1080\" srcset=\"https:\/\/psychologiazycia.com\/sklep\/wp-content\/uploads\/2019\/02\/ksiazkaELIKSIR1.jpg 1500w, https:\/\/psychologiazycia.com\/sklep\/wp-content\/uploads\/2019\/02\/ksiazkaELIKSIR1-300x216.jpg 300w, https:\/\/psychologiazycia.com\/sklep\/wp-content\/uploads\/2019\/02\/ksiazkaELIKSIR1-768x553.jpg 768w, https:\/\/psychologiazycia.com\/sklep\/wp-content\/uploads\/2019\/02\/ksiazkaELIKSIR1-1024x737.jpg 1024w, https:\/\/psychologiazycia.com\/sklep\/wp-content\/uploads\/2019\/02\/ksiazkaELIKSIR1-600x432.jpg 600w\" sizes=\"(max-width: 1500px) 100vw, 1500px\" \/><\/p>\n<hr \/>\n<p><strong>SPIS TRE\u015aCI EBOOKA <\/strong><\/p>\n<p><strong>&#8222;\u0179r\u00f3d\u0142a braku pewno\u015bci siebie&#8221;<\/strong><\/p>\n<p><img loading=\"lazy\" decoding=\"async\" class=\"alignnone wp-image-102 size-full\" src=\"https:\/\/psychologiazycia.com\/sklep\/wp-content\/uploads\/2019\/02\/ebookZRODLA2.jpg\" alt=\"\" width=\"1500\" height=\"1080\" srcset=\"https:\/\/psychologiazycia.com\/sklep\/wp-content\/uploads\/2019\/02\/ebookZRODLA2.jpg 1500w, https:\/\/psychologiazycia.com\/sklep\/wp-content\/uploads\/2019\/02\/ebookZRODLA2-300x216.jpg 300w, https:\/\/psychologiazycia.com\/sklep\/wp-content\/uploads\/2019\/02\/ebookZRODLA2-768x553.jpg 768w, https:\/\/psychologiazycia.com\/sklep\/wp-content\/uploads\/2019\/02\/ebookZRODLA2-1024x737.jpg 1024w, https:\/\/psychologiazycia.com\/sklep\/wp-content\/uploads\/2019\/02\/ebookZRODLA2-600x432.jpg 600w\" sizes=\"(max-width: 1500px) 100vw, 1500px\" \/><\/p>\n<hr \/>\n<p style=\"text-align: left;\"><i class=\"wp-svg-info info\"><\/i>\u00a0 <strong>Uwaga:<\/strong> Je\u015bli op\u0142acasz zam\u00f3wienie przelewem bezpo\u015brednio na konto, koniecznie wy\u015blij mi potwierdzenie na sklep@psychologiazycia.com<\/p>\n<p>Natomiast je\u015bli op\u0142acisz zam\u00f3wienie za pomoc\u0105 <strong>Tpay<\/strong> to takowego potwierdzenia nie musisz wysy\u0142a\u0107. Tpay od razu mnie o tym poinformuje.<\/p>\n<p>Po zaksi\u0119gowaniu p\u0142atno\u015bci na koncie bankowym w ostatnim przes\u0142anym e-mailu ze sklepu otrzymasz pliki do pobrania.<\/p>\n","protected":false},"excerpt":{"rendered":"<p><strong>#PAKIET PE\u0141EN PEWNO\u015aCI SIEBIE<\/strong><\/p>\n<p>A w pakiecie znajdziesz:<\/p>\n<ol>\n<li>E-book &#8222;Eliksir pewno\u015bci siebie. Jak pokona\u0107 wewn\u0119trzne i zewn\u0119trzne blokady&#8221; PDF, czyli wersj\u0119 elektroniczn\u0105 ksi\u0105\u017cki po to, aby\u015b m\u00f3g\u0142 j\u0105 zabiera\u0107 ze sob\u0105 wsz\u0119dzie (do pobrania na w\u0142asny no\u015bnik).<\/li>\n<li>E-book &#8222;\u0179r\u00f3d\u0142a braku pewno\u015bci siebie&#8221; PDF &#8211; o tym, dlaczego nie znajdziesz go w ksi\u0105\u017cce nieco ni\u017cej (do pobrania na w\u0142asny no\u015bnik).<\/li>\n<li>Pakiet #Mam swoje prawa JPG, czyli 8 szt. pi\u0119knie oprawionych graficznie praw ka\u017cdego cz\u0142owieka do pobrania na w\u0142asny no\u015bnik oraz samodzielnego wydruku.<\/li>\n<\/ol>\n<p>A wszystko to dla os\u00f3b szukaj\u0105cych dogodnych rozwi\u0105za\u0144 \ud83d\ude42<\/p>\n<hr \/>\n<p>Wszystkie produkty s\u0105 produktami elektronicznymi, do pobrania na w\u0142asny no\u015bnik. Ka\u017cdy produkt elektroniczny zostanie przypisany do zamawiaj\u0105cego (imi\u0119 i nazwisko) i zostanie to zakodowane w plikach do pobrania w ostatnim e-mailu. Zam\u00f3wienie zostanie przes\u0142anie na adres e-mail podany w zam\u00f3wieniu.<\/p>\n","protected":false},"featured_media":401,"comment_status":"open","ping_status":"closed","template":"","meta":[],"product_cat":[23],"product_tag":[],"class_list":{"0":"post-400","1":"product","2":"type-product","3":"status-publish","4":"has-post-thumbnail","6":"product_cat-zestawy","8":"first","9":"instock","10":"sale","11":"downloadable","12":"virtual","13":"purchasable","14":"product-type-simple"},"yoast_head":"<!-- This site is optimized with the Yoast SEO plugin v23.4 - https:\/\/yoast.com\/wordpress\/plugins\/seo\/ -->\n<title>PAKIET PDF PE\u0141EN PEWNO\u015aCI SIEBIE - SKLEP ONLINE<\/title>\n<meta name=\"description\" content=\"Wyj\u0105tkowy pakiet pe\u0142en pewno\u015bci siebie, \u0142\u0105cz\u0105cy tre\u015b\u0107 merytoryczn\u0105 z \u0107wiczeniami praktycznymi i to wszystko z cudownymi dodatkami graficznymi, aby lepiej...\" \/>\n<meta name=\"robots\" content=\"index, follow, max-snippet:-1, max-image-preview:large, max-video-preview:-1\" \/>\n<link rel=\"canonical\" href=\"https:\/\/psychologiazycia.com\/sklep\/online\/pakiet-pelen-pewnosci-siebie-pdf\/\" \/>\n<meta property=\"og:locale\" content=\"pl_PL\" \/>\n<meta property=\"og:type\" content=\"article\" \/>\n<meta property=\"og:title\" content=\"PAKIET PDF PE\u0141EN PEWNO\u015aCI SIEBIE - SKLEP ONLINE\" \/>\n<meta property=\"og:description\" content=\"Wyj\u0105tkowy pakiet pe\u0142en pewno\u015bci siebie, \u0142\u0105cz\u0105cy tre\u015b\u0107 merytoryczn\u0105 z \u0107wiczeniami praktycznymi i to wszystko z cudownymi dodatkami graficznymi, aby lepiej...\" \/>\n<meta property=\"og:url\" content=\"https:\/\/psychologiazycia.com\/sklep\/online\/pakiet-pelen-pewnosci-siebie-pdf\/\" \/>\n<meta property=\"og:site_name\" content=\"Psychology of Life - SKLEP\" \/>\n<meta property=\"article:modified_time\" content=\"2025-02-04T14:38:09+00:00\" \/>\n<meta property=\"og:image\" content=\"https:\/\/psychologiazycia.com\/sklep\/wp-content\/uploads\/2019\/05\/PRZYK\u0141AD.jpg\" \/>\n\t<meta property=\"og:image:width\" content=\"960\" \/>\n\t<meta property=\"og:image:height\" content=\"536\" \/>\n\t<meta property=\"og:image:type\" content=\"image\/jpeg\" \/>\n<meta name=\"twitter:card\" content=\"summary_large_image\" \/>\n<meta name=\"twitter:label1\" content=\"Szacowany czas czytania\" \/>\n\t<meta name=\"twitter:data1\" content=\"4 minuty\" \/>\n<script type=\"application\/ld+json\" class=\"yoast-schema-graph\">{\"@context\":\"https:\/\/schema.org\",\"@graph\":[{\"@type\":\"WebPage\",\"@id\":\"https:\/\/psychologiazycia.com\/sklep\/online\/pakiet-pelen-pewnosci-siebie-pdf\/\",\"url\":\"https:\/\/psychologiazycia.com\/sklep\/online\/pakiet-pelen-pewnosci-siebie-pdf\/\",\"name\":\"PAKIET PDF PE\u0141EN PEWNO\u015aCI SIEBIE - SKLEP ONLINE\",\"isPartOf\":{\"@id\":\"https:\/\/psychologiazycia.com\/sklep\/#website\"},\"primaryImageOfPage\":{\"@id\":\"https:\/\/psychologiazycia.com\/sklep\/online\/pakiet-pelen-pewnosci-siebie-pdf\/#primaryimage\"},\"image\":{\"@id\":\"https:\/\/psychologiazycia.com\/sklep\/online\/pakiet-pelen-pewnosci-siebie-pdf\/#primaryimage\"},\"thumbnailUrl\":\"https:\/\/psychologiazycia.com\/sklep\/wp-content\/uploads\/2019\/05\/PRZYK\u0141AD.jpg\",\"datePublished\":\"2019-05-22T13:34:48+00:00\",\"dateModified\":\"2025-02-04T14:38:09+00:00\",\"description\":\"Wyj\u0105tkowy pakiet pe\u0142en pewno\u015bci siebie, \u0142\u0105cz\u0105cy tre\u015b\u0107 merytoryczn\u0105 z \u0107wiczeniami praktycznymi i to wszystko z cudownymi dodatkami graficznymi, aby lepiej...\",\"breadcrumb\":{\"@id\":\"https:\/\/psychologiazycia.com\/sklep\/online\/pakiet-pelen-pewnosci-siebie-pdf\/#breadcrumb\"},\"inLanguage\":\"pl-PL\",\"potentialAction\":[{\"@type\":\"ReadAction\",\"target\":[\"https:\/\/psychologiazycia.com\/sklep\/online\/pakiet-pelen-pewnosci-siebie-pdf\/\"]}]},{\"@type\":\"ImageObject\",\"inLanguage\":\"pl-PL\",\"@id\":\"https:\/\/psychologiazycia.com\/sklep\/online\/pakiet-pelen-pewnosci-siebie-pdf\/#primaryimage\",\"url\":\"https:\/\/psychologiazycia.com\/sklep\/wp-content\/uploads\/2019\/05\/PRZYK\u0141AD.jpg\",\"contentUrl\":\"https:\/\/psychologiazycia.com\/sklep\/wp-content\/uploads\/2019\/05\/PRZYK\u0141AD.jpg\",\"width\":960,\"height\":536},{\"@type\":\"BreadcrumbList\",\"@id\":\"https:\/\/psychologiazycia.com\/sklep\/online\/pakiet-pelen-pewnosci-siebie-pdf\/#breadcrumb\",\"itemListElement\":[{\"@type\":\"ListItem\",\"position\":1,\"name\":\"Strona g\u0142\u00f3wna\",\"item\":\"https:\/\/psychologiazycia.com\/sklep\/\"},{\"@type\":\"ListItem\",\"position\":2,\"name\":\"SKLEP\",\"item\":\"https:\/\/psychologiazycia.com\/sklep\/\"},{\"@type\":\"ListItem\",\"position\":3,\"name\":\"PAKIET PDF PE\u0141EN PEWNO\u015aCI SIEBIE\"}]},{\"@type\":\"WebSite\",\"@id\":\"https:\/\/psychologiazycia.com\/sklep\/#website\",\"url\":\"https:\/\/psychologiazycia.com\/sklep\/\",\"name\":\"Psychology of Life - SKLEP\",\"description\":\"\",\"potentialAction\":[{\"@type\":\"SearchAction\",\"target\":{\"@type\":\"EntryPoint\",\"urlTemplate\":\"https:\/\/psychologiazycia.com\/sklep\/?s={search_term_string}\"},\"query-input\":{\"@type\":\"PropertyValueSpecification\",\"valueRequired\":true,\"valueName\":\"search_term_string\"}}],\"inLanguage\":\"pl-PL\"}]}<\/script>\n<!-- \/ Yoast SEO plugin. -->","yoast_head_json":{"title":"PAKIET PDF PE\u0141EN PEWNO\u015aCI SIEBIE - SKLEP ONLINE","description":"Wyj\u0105tkowy pakiet pe\u0142en pewno\u015bci siebie, \u0142\u0105cz\u0105cy tre\u015b\u0107 merytoryczn\u0105 z \u0107wiczeniami praktycznymi i to wszystko z cudownymi dodatkami graficznymi, aby lepiej...","robots":{"index":"index","follow":"follow","max-snippet":"max-snippet:-1","max-image-preview":"max-image-preview:large","max-video-preview":"max-video-preview:-1"},"canonical":"https:\/\/psychologiazycia.com\/sklep\/online\/pakiet-pelen-pewnosci-siebie-pdf\/","og_locale":"pl_PL","og_type":"article","og_title":"PAKIET PDF PE\u0141EN PEWNO\u015aCI SIEBIE - SKLEP ONLINE","og_description":"Wyj\u0105tkowy pakiet pe\u0142en pewno\u015bci siebie, \u0142\u0105cz\u0105cy tre\u015b\u0107 merytoryczn\u0105 z \u0107wiczeniami praktycznymi i to wszystko z cudownymi dodatkami graficznymi, aby lepiej...","og_url":"https:\/\/psychologiazycia.com\/sklep\/online\/pakiet-pelen-pewnosci-siebie-pdf\/","og_site_name":"Psychology of Life - SKLEP","article_modified_time":"2025-02-04T14:38:09+00:00","og_image":[{"width":960,"height":536,"url":"https:\/\/psychologiazycia.com\/sklep\/wp-content\/uploads\/2019\/05\/PRZYK\u0141AD.jpg","type":"image\/jpeg"}],"twitter_card":"summary_large_image","twitter_misc":{"Szacowany czas czytania":"4 minuty"},"schema":{"@context":"https:\/\/schema.org","@graph":[{"@type":"WebPage","@id":"https:\/\/psychologiazycia.com\/sklep\/online\/pakiet-pelen-pewnosci-siebie-pdf\/","url":"https:\/\/psychologiazycia.com\/sklep\/online\/pakiet-pelen-pewnosci-siebie-pdf\/","name":"PAKIET PDF PE\u0141EN PEWNO\u015aCI SIEBIE - SKLEP ONLINE","isPartOf":{"@id":"https:\/\/psychologiazycia.com\/sklep\/#website"},"primaryImageOfPage":{"@id":"https:\/\/psychologiazycia.com\/sklep\/online\/pakiet-pelen-pewnosci-siebie-pdf\/#primaryimage"},"image":{"@id":"https:\/\/psychologiazycia.com\/sklep\/online\/pakiet-pelen-pewnosci-siebie-pdf\/#primaryimage"},"thumbnailUrl":"https:\/\/psychologiazycia.com\/sklep\/wp-content\/uploads\/2019\/05\/PRZYK\u0141AD.jpg","datePublished":"2019-05-22T13:34:48+00:00","dateModified":"2025-02-04T14:38:09+00:00","description":"Wyj\u0105tkowy pakiet pe\u0142en pewno\u015bci siebie, \u0142\u0105cz\u0105cy tre\u015b\u0107 merytoryczn\u0105 z \u0107wiczeniami praktycznymi i to wszystko z cudownymi dodatkami graficznymi, aby lepiej...","breadcrumb":{"@id":"https:\/\/psychologiazycia.com\/sklep\/online\/pakiet-pelen-pewnosci-siebie-pdf\/#breadcrumb"},"inLanguage":"pl-PL","potentialAction":[{"@type":"ReadAction","target":["https:\/\/psychologiazycia.com\/sklep\/online\/pakiet-pelen-pewnosci-siebie-pdf\/"]}]},{"@type":"ImageObject","inLanguage":"pl-PL","@id":"https:\/\/psychologiazycia.com\/sklep\/online\/pakiet-pelen-pewnosci-siebie-pdf\/#primaryimage","url":"https:\/\/psychologiazycia.com\/sklep\/wp-content\/uploads\/2019\/05\/PRZYK\u0141AD.jpg","contentUrl":"https:\/\/psychologiazycia.com\/sklep\/wp-content\/uploads\/2019\/05\/PRZYK\u0141AD.jpg","width":960,"height":536},{"@type":"BreadcrumbList","@id":"https:\/\/psychologiazycia.com\/sklep\/online\/pakiet-pelen-pewnosci-siebie-pdf\/#breadcrumb","itemListElement":[{"@type":"ListItem","position":1,"name":"Strona g\u0142\u00f3wna","item":"https:\/\/psychologiazycia.com\/sklep\/"},{"@type":"ListItem","position":2,"name":"SKLEP","item":"https:\/\/psychologiazycia.com\/sklep\/"},{"@type":"ListItem","position":3,"name":"PAKIET PDF PE\u0141EN PEWNO\u015aCI SIEBIE"}]},{"@type":"WebSite","@id":"https:\/\/psychologiazycia.com\/sklep\/#website","url":"https:\/\/psychologiazycia.com\/sklep\/","name":"Psychology of Life - SKLEP","description":"","potentialAction":[{"@type":"SearchAction","target":{"@type":"EntryPoint","urlTemplate":"https:\/\/psychologiazycia.com\/sklep\/?s={search_term_string}"},"query-input":{"@type":"PropertyValueSpecification","valueRequired":true,"valueName":"search_term_string"}}],"inLanguage":"pl-PL"}]}},"_links":{"self":[{"href":"https:\/\/psychologiazycia.com\/sklep\/wp-json\/wp\/v2\/product\/400"}],"collection":[{"href":"https:\/\/psychologiazycia.com\/sklep\/wp-json\/wp\/v2\/product"}],"about":[{"href":"https:\/\/psychologiazycia.com\/sklep\/wp-json\/wp\/v2\/types\/product"}],"replies":[{"embeddable":true,"href":"https:\/\/psychologiazycia.com\/sklep\/wp-json\/wp\/v2\/comments?post=400"}],"wp:featuredmedia":[{"embeddable":true,"href":"https:\/\/psychologiazycia.com\/sklep\/wp-json\/wp\/v2\/media\/401"}],"wp:attachment":[{"href":"https:\/\/psychologiazycia.com\/sklep\/wp-json\/wp\/v2\/media?parent=400"}],"wp:term":[{"taxonomy":"product_cat","embeddable":true,"href":"https:\/\/psychologiazycia.com\/sklep\/wp-json\/wp\/v2\/product_cat?post=400"},{"taxonomy":"product_tag","embeddable":true,"href":"https:\/\/psychologiazycia.com\/sklep\/wp-json\/wp\/v2\/product_tag?post=400"}],"curies":[{"name":"wp","href":"https:\/\/api.w.org\/{rel}","templated":true}]}}